. What is b(g)?
9
Suppose -3*g = 412 - 370. Let y(j) = 3*j - 14. What is y(g)?
-56
Let f(s) = -17*s**2 - 35*s**3 + 34*s**3 - 9*s**2 + 44 + 26*s - 24*s. Calculate f(-26).
-8
Let d(l) = -2*l**2 - l - 1. Suppose -15*m + 8*m = -7. Suppose 0 = -s + 2*x - 13, -2*s = -21*x + 22*x + m. What is d(s)?
-16
Let a(i) be the second derivative of 11/2*i**2 + 0 - 1/12*i**4 - 1/24*i**6 - 1/6*i**3 + 0*i**5 + i. Let w(l) be the first derivative of a(l). What is w(-1)?
6
Let h = 12 + -3. Suppose 0 = -5*b - 4*j + 6, 11*b + 2*j - 4 = h*b. Let i(z) = -2*z**2 - z + 1 - 2 - 4*z**2. Give i(b).
-23
Suppose -4*c = 1 + 3. Let v(b) = 1625 - 27*b - 4*b - 1625. Calculate v(c).
31
Let i(b) = -b**3 - 7*b**2 - 3*b + 4. Let q be 6 + 5 + -11 + 2/1. Suppose q*o = 2*k + 16, -2*o = 3*k - 3 + 17. Determine i(k).
-14
Let y(c) = -c**3 - 10*c**2 + 16*c + 220. Let s(g) = g**3 - 3*g**2 - 21*g - 161. Let t be s(8). Determine y(t).
-5
Let b(o) = 17*o**2 + 4*o - 110. Let r(l) = -59*l**2 - 14*l + 328. Let a(i) = -7*b(i) - 2*r(i). Determine a(-11).
-7
Suppose c + 39 - 30 = 0, -y - 43 = 3*c. Let b(x) = -x**2 - 7*x + 34. Calculate b(y).
-110
Let i be (-1)/(-4)*(-580)/(-29). Suppose i*u + 10 = f + 2, 0 = 4*f + 2*u + 56. Let w(p) = -p**2 - 12*p + 4. Calculate w(f).
4
Let j be (-21)/231 - (-84)/(-44). Let b(i) = 23*i - 4. Determine b(j).
-50
Let r(v) = 252 - 6*v**2 - v + 0*v**2 - 255. Let s(m) = -m**2. Let f(x) = -r(x) + 5*s(x). Determine f(0).
3
Suppose -11*w + 17*w - 84 = -22*w. Suppose 7*y = 3*y + 8. Let k(h) = h + 4 + 3*h**y + h**2 - 5*h**2. Determine k(w).
-2
Let i(w) = 46*w**2 - 46*w - 558. Let z(x) = 22*x**2 - 23*x - 268. Let f(g) = -10*i(g) + 21*z(g). What is f(-2)?
6
Let l(w) be the second derivative of w**5/20 + 2*w**4/3 - 5*w**2/2 + 2*w. Suppose -30*m - 2622 + 2054 = 41*m. Give l(m).
-5
Let d(a) = -a**3 - 16*a**2 - 15*a - 5. Suppose 0 = 2*l + 2, 2*q - 26 = -4*l - 60. Give d(q).
-5
Let a = -1 - -4. Suppose 2*n - 1 = -3*y + a, y = -5*n - 3. Let u(r) be the third derivative of r**6/12 + r**5/30 + r**4/24 - 9*r**2 + 2*r. Give u(n).
-9
Let m(c) = 5*c**3 - 32*c**2 + 7*c - 3. Let o be m(7). Let x(s) = 187 - 2*s - o + s + 2*s. Determine x(6).
0
Let g(d) be the second derivative of -d**5/20 - 2*d**4/3 + 11*d**3/6 + 11*d**2/2 + 2*d + 28. Let l(a) = -a**2 - 5*a - 3. Let p be l(-6). Calculate g(p).
-7
Let f(x) be the first derivative of -x**4/4 + 16*x**3/3 - 15*x**2/2 - 4*x - 1. Suppose -3*l + 36 = -7*h + 4*h, 5*h = -2*l + 45. Calculate f(l).
-4
Let v = 29 + -26. Suppose 5*s - 5*l = 50, v*l = l - 6. Let m(r) be the third derivative of -r**4/24 - r**3 + 188*r**2. Calculate m(s).
-13
Let r = -120 - -857. Let j(k) = 3*k - r*k**2 - k**3 + 5*k - 4 + 733*k**2 - 2*k. Determine j(-5).
-9
Let w(i) = 20 + 74 - 2 + 15*i + 76. Calculate w(-13).
-27
Let c(i) be the second derivative of -i**6/120 + i**5/40 + i**4/4 + i. Let s(h) be the third derivative of c(h). Let k = 9164 - 9162. Determine s(k).
-9
Let q(k) = -k - 4. Let x be (-2 - 8/5)*(-100)/(-30). Let z be x/2 + (5 + -5)/(-6). What is q(z)?
2
Let y(s) be the third derivative of 163*s**2 - s**3 - 1/24*s**4 + 0 + 1/120*s**6 - 7/60*s**5 + 0*s. Determine y(7).
-13
Let u(t) be the second derivative of -1 - 4*t + 1/3*t**3 - 1/20*t**5 + 7/12*t**4 - 5*t**2. Determine u(7).
4
Let q(x) = -9*x - 136. Suppose 0 = -f - 4*m - 18, 4*f + m + 42 = -15. Calculate q(f).
-10
Let w = 5748 + -5742. Let n(o) = o**2 + 5*o - 24. What is n(w)?
42
Suppose -18 = 130*s - 103*s + 36. Let k(o) = -4*o**3 + o**2 + 4*o + 5. Determine k(s).
33
Let o = 1000 + -758. Let r = 237 - o. Let y(b) = b**2 + 7*b + 3. What is y(r)?
-7
Let n(y) be the first derivative of y**4/12 - y**3/2 + y**2/2 - 198*y + 26. Let j(x) be the first derivative of n(x). Give j(6).
19
Suppose -153 = -9*b + 6*b. Let q(f) = b*f - 28*f - 4 - 21*f - 3. What is q(9)?
11
Let c = 124002 - 124012. Let b(g) be the third derivative of g**4/24 + 13*g**3/6 + g**2. What is b(c)?
3
Let m(k) = 7*k - 3. Let n(t) = 54*t + 34*t + 7 - 106*t. Let s(g) = 5*m(g) + 2*n(g). What is s(-3)?
2
Let f(u) = -8368*u**2 + 8365*u**2 + 119*u + 528 - 490. What is f(40)?
-2
Suppose -2*q - 76 = -154. Let v(t) = q*t**2 + 2*t + 42*t**2 + 2 + 2*t**3 - 86*t**2 - 3*t**3. Let j be -2 - 5/((-10)/(-4)). Give v(j).
-22
Let d = -15728 - -15722. Let m(h) = 2*h**3 + 11*h**2 - 4*h + 6. What is m(d)?
-6
Let q(c) = 2*c - 9. Let b be 1 + (-44)/6 - (-150)/450. Let o be (-4)/24*b + 4. Give q(o).
1
Suppose -8*w + 14*w + 18 = 0. Let h(o) be the third derivative of 18*o**2 - 1/120*o**6 + 1/2*o**3 - 1/15*o**5 - 1/12*o**4 + 0*o + 0. Determine h(w).
0
Let u(t) be the second derivative of -10*t**4/3 - t**2/2 + 11*t. Let x be u(-1). Let i = -46 - x. Let p(b) = -b - 3. Calculate p(i).
2
Let i(w) = -6*w + 21. Let a be 0 + 0 + 18/3. Let q(y) = 6*y - 18. Let s(c) = a*q(c) + 5*i(c). Give s(-3).
-21
Let x(k) = 3*k. Let j(z) = -z**2 - 8*z - 9. Let h(r) = -2*r**2 - 2*r. Let b be h(-5). Let y be (b/(-24))/(3/(-9)). Let t be j(y). Calculate x(t).
18
Let x(n) = 7*n**3 - 5*n**2 + 7*n - 10. Let v(h) = -16*h**3 + 9*h**2 - 13*h + 19. Let r(a) = -3*v(a) - 7*x(a). What is r(7)?
-8
Let w(l) = 28 + 4*l**2 - l**2 - 2*l**2 - 3 + 114*l - 123*l. Calculate w(5).
5
Let g(r) be the second derivative of r**6/720 + 17*r**5/120 - 5*r**4/3 - 3*r**2/2 - 2*r - 3. Let t(l) be the third derivative of g(l). What is t(-12)?
5
Let r(w) = -w**2 + 4*w - 5. Let n(p) = 4*p**2 - 3*p - 2. Let l = 39 - 42. Let f be n(l). Let q = f - 39. What is r(q)?
-5
Suppose 0 = -n + 3 + 15. Let d(k) = -10 - 3 - 2*k + n - 10. Let p = 11 - 15. Calculate d(p).
3
Let n(g) = 2*g**2 - 39 - 3*g**2 + 12*g + 143 - 121. Give n(8).
15
Let p(i) be the third derivative of -i**5/60 + 17*i**4/24 - 13*i**3/2 - i**2 + 20*i. Calculate p(16).
-23
Let x(y) = -5*y + y + 485 - 478 - 4*y + 3*y**2. Let m be x(2). Let q(h) = -3*h**2 + 5*h - 2. Calculate q(m).
-14
Let n(a) = -a**3 - 5*a**2 + 15*a. Let u be n(2). Let o(h) = 12*h + 17. Let l(v) = -3*v - 4. Let k(m) = 9*l(m) + 2*o(m). Calculate k(u).
-8
Let n(r) = 5*r - 1. Let h(v) be the third derivative of -9*v**2 - 1/24*v**4 - 7/6*v**3 + 0*v + 0. Let z be h(-6). Determine n(z).
-6
Let a(p) = 283*p + 30 - 542*p + 261*p. Give a(19).
68
Let w = -6925 + 6887. Let z(d) = -4*d - 127. Calculate z(w).
25
Suppose -2*c = 2*c - 16. Let x be (2/c - 1)*-48. Let d = 26 - x. Let o(v) = 4*v - 3. Calculate o(d).
5
Suppose -4*f - 2*h = 14, 4*f + h + 12 = f. Let o(n) be the second derivative of -n**4/12 - n**3/3 + 9*n**2/2 + 1250*n. Give o(f).
-6
Let q(t) = -1. Let u(o) = o**2 - o - 2. Let k(h) = -2*q(h) + 3*u(h). Let j(a) = -16*a**2 + 16*a + 21. Let w(v) = -4*j(v) - 22*k(v). Calculate w(4).
-20
Let r(m) = 7*m**3 + 9*m**2 + 20*m + 19. Let q(g) = g**3 - g**2 + 3*g + 1. Let l(i) = 6*q(i) - r(i). Calculate l(-15).
17
Let h(i) = -6026*i - 322. Let a(b) = -56*b - 3. Let y(l) = -322*a(l) + 3*h(l). Determine y(2).
-92
Let z(s) = -s**2 - 14*s**2 + 23*s**2 - 8 - 7*s**2 - 7*s. Let h = -274 - -282. Give z(h).
0
Suppose 0 = -2*v + 5*h - 51, 5*v + 3*h = -189 + 46. Let w be (-1)/(-1 - 24/v). Let d(l) = 2 - 10 + 2 + w*l + l**2 - 2. What is d(-7)?
-8
Suppose 2*i - 2 - 6 = 0. Let g(h) = 9*h - 27*h - 2 + 5*h + 8*h + 9*h. What is g(i)?
14
Let r = 59 + -40. Let k(l) = -l + 23. Let f be k(r). Suppose -3*z + 6*z = f*p - 17, 3*p + 5*z - 20 = 0. Let w(i) = -i**2 + 4. Give w(p).
-21
Let x(c) be the second derivative of -21*c + 1/2*c**3 + 1/6*c**4 + 2*c**2 - 1. What is x(-4)?
24
Suppose -20*t + 6 = -23*t. Let v be (t/(-8))/(-4 - (-15)/4). Let a(l) = 8*l**2 + l + 1. Calculate a(v).
8
Suppose -10*a - 84 = -4. Let u(c) = 4 + 13 - 2*c - 11. Give u(a).
22
Let u(j) = -13*j + 511. Let p = 12813 - 12773. Give u(p).
-9
Let y(g) = -18*g + 154. Let x(d) = -6*d + 58. Let f(u) = 12*x(u) - 5*y(u). Calculate f(5).
16
Suppose -2*i + 98 = 3*l, 2*i - l - 145 = -31. Let w = i + -51. Suppose -k = w*k - 5*j - 40, 4*k + 3*j = 18. Let h(d) = -d + 11. Calculate h(k).
5
Let i = 141 + -141. Suppose -2*l = -4*x - 10, i*l - 42 = -4*l - 3*x. Let j(c) = -c**2 + 11*c - 10. What is j(l)?
8
Let z(n) = n**3 - 7*n**2 - 17*n - 303. Let f be z(11). Let l(g) = g**3 + 10*g**2 + 28*g + 7. Determine l(f).
-17
Suppose 5*m - 4 = 11. Let d(j) = 5*j + 5*j - 6*j**2 - j**m - j**2 + 11. Let o(n) = -n - 13. Let a be o(-5). Give d(a).
-5
Let b(d) = -9*d**2 - 116*d - 115. Let u be b(-1). Let m(p) = p**3 + 